{"id":318,"date":"2024-04-13T13:33:18","date_gmt":"2024-04-13T16:33:18","guid":{"rendered":"http:\/\/www.paradisus.com.uy\/?product=lobinha-legging"},"modified":"2024-08-05T10:46:41","modified_gmt":"2024-08-05T13:46:41","slug":"lobinha-legging","status":"publish","type":"product","link":"https:\/\/www.paradisus.com.uy\/?product=lobinha-legging","title":{"rendered":"2595 &#8211; Legging ni\u00f1a"},"content":{"rendered":"<p>Media Legging para Ni\u00f1a<\/p>\n<p>Talles: P (de 3 a 5 a\u00f1os)<br \/>\nM (de 6 a 8 a\u00f1os)<br \/>\nG (de 9 a 11 a\u00f1os)<\/p>\n<p>Legging opaca de ni\u00f1a de microfibra con elastano.<br \/>\n70 deniers.<\/p>\n<p>Composici\u00f3n: Poliamida 88%, Elastano 12%.<\/p>\n","protected":false},"excerpt":{"rendered":"<p>Media Legging para Ni\u00f1a Talles: P (de 3 a 5 a\u00f1os) M (de 6 a 8 a\u00f1os) G (de 9 a 11 a\u00f1os) Legging opaca de ni\u00f1a de microfibra con [&hellip;]<\/p>\n","protected":false},"featured_media":1332,"template":"","meta":[],"product_brand":[],"product_cat":[37,32],"product_tag":[],"class_list":{"0":"post-318","1":"product","2":"type-product","3":"status-publish","4":"has-post-thumbnail","6":"product_cat-lobinha","7":"product_cat-pantimedias","9":"first","10":"instock","11":"shipping-taxable","12":"purchasable","13":"product-type-variable"},"_links":{"self":[{"href":"https:\/\/www.paradisus.com.uy\/index.php?rest_route=\/wp\/v2\/product\/318","targetHints":{"allow":["GET"]}}],"collection":[{"href":"https:\/\/www.paradisus.com.uy\/index.php?rest_route=\/wp\/v2\/product"}],"about":[{"href":"https:\/\/www.paradisus.com.uy\/index.php?rest_route=\/wp\/v2\/types\/product"}],"wp:featuredmedia":[{"embeddable":true,"href":"https:\/\/www.paradisus.com.uy\/index.php?rest_route=\/wp\/v2\/media\/1332"}],"wp:attachment":[{"href":"https:\/\/www.paradisus.com.uy\/index.php?rest_route=%2Fwp%2Fv2%2Fmedia&parent=318"}],"wp:term":[{"taxonomy":"product_brand","embeddable":true,"href":"https:\/\/www.paradisus.com.uy\/index.php?rest_route=%2Fwp%2Fv2%2Fproduct_brand&post=318"},{"taxonomy":"product_cat","embeddable":true,"href":"https:\/\/www.paradisus.com.uy\/index.php?rest_route=%2Fwp%2Fv2%2Fproduct_cat&post=318"},{"taxonomy":"product_tag","embeddable":true,"href":"https:\/\/www.paradisus.com.uy\/index.php?rest_route=%2Fwp%2Fv2%2Fproduct_tag&post=318"}],"curies":[{"name":"wp","href":"https:\/\/api.w.org\/{rel}","templated":true}]}}