{"id":327,"date":"2024-04-13T13:33:21","date_gmt":"2024-04-13T16:33:21","guid":{"rendered":"http:\/\/www.paradisus.com.uy\/?product=kids"},"modified":"2024-04-30T09:46:28","modified_gmt":"2024-04-30T12:46:28","slug":"kids","status":"publish","type":"product","link":"https:\/\/www.paradisus.com.uy\/?product=kids","title":{"rendered":"2830 &#8211; Kids lisa"},"content":{"rendered":"<p>Media para ni\u00f1o, en algod\u00f3n y poliamida, media ca\u00f1a<br \/>\nCuenta con tal\u00f3n definido con una ligera costura en el tobillo, haciendo que los calcetines no se salgan de los pies.<\/p>\n<p>Composici\u00f3n: Algod\u00f3n 70%, Poliamida 27%, Otras Fibras 3%.<\/p>\n","protected":false},"excerpt":{"rendered":"<p>Media para ni\u00f1o, en algod\u00f3n y poliamida, media ca\u00f1a Cuenta con tal\u00f3n definido con una ligera costura en el tobillo, haciendo que los calcetines no se salgan de los pies. [&hellip;]<\/p>\n","protected":false},"featured_media":1130,"template":"","meta":[],"product_brand":[],"product_cat":[22,29],"product_tag":[],"class_list":{"0":"post-327","1":"product","2":"type-product","3":"status-publish","4":"has-post-thumbnail","6":"product_cat-medias","7":"product_cat-ninos","9":"first","10":"instock","11":"shipping-taxable","12":"purchasable","13":"product-type-variable"},"_links":{"self":[{"href":"https:\/\/www.paradisus.com.uy\/index.php?rest_route=\/wp\/v2\/product\/327","targetHints":{"allow":["GET"]}}],"collection":[{"href":"https:\/\/www.paradisus.com.uy\/index.php?rest_route=\/wp\/v2\/product"}],"about":[{"href":"https:\/\/www.paradisus.com.uy\/index.php?rest_route=\/wp\/v2\/types\/product"}],"wp:featuredmedia":[{"embeddable":true,"href":"https:\/\/www.paradisus.com.uy\/index.php?rest_route=\/wp\/v2\/media\/1130"}],"wp:attachment":[{"href":"https:\/\/www.paradisus.com.uy\/index.php?rest_route=%2Fwp%2Fv2%2Fmedia&parent=327"}],"wp:term":[{"taxonomy":"product_brand","embeddable":true,"href":"https:\/\/www.paradisus.com.uy\/index.php?rest_route=%2Fwp%2Fv2%2Fproduct_brand&post=327"},{"taxonomy":"product_cat","embeddable":true,"href":"https:\/\/www.paradisus.com.uy\/index.php?rest_route=%2Fwp%2Fv2%2Fproduct_cat&post=327"},{"taxonomy":"product_tag","embeddable":true,"href":"https:\/\/www.paradisus.com.uy\/index.php?rest_route=%2Fwp%2Fv2%2Fproduct_tag&post=327"}],"curies":[{"name":"wp","href":"https:\/\/api.w.org\/{rel}","templated":true}]}}