{"id":345,"date":"2024-04-13T13:33:28","date_gmt":"2024-04-13T16:33:28","guid":{"rendered":"http:\/\/www.paradisus.com.uy\/?product=walk-pilates"},"modified":"2024-05-02T11:26:53","modified_gmt":"2024-05-02T14:26:53","slug":"walk-pilates","status":"publish","type":"product","link":"https:\/\/www.paradisus.com.uy\/?product=walk-pilates","title":{"rendered":"3310 &#8211; Media antideslizante Yoga\/pilates"},"content":{"rendered":"<p>Media Antideslizante Yoga \/ Pilates Unisex<br \/>\nAnat\u00f3mica con tal\u00f3n definido y ajuste perfecto. Ideal para la pr\u00e1ctica de Yoga o Pilates.<br \/>\nFelpa de protecci\u00f3n en las regiones de mayor impacto.<br \/>\nTejido con ventilaci\u00f3n, malla con textura especial que ayuda a regular la temperatura.<\/p>\n<p>Composici\u00f3n: Poliamida 98%, Otras Fibras 2%.<br \/>\nLa composici\u00f3n puede variar de acuerdo a los colores.<\/p>\n","protected":false},"excerpt":{"rendered":"<p>Media Antideslizante Yoga \/ Pilates Unisex Anat\u00f3mica con tal\u00f3n definido y ajuste perfecto. Ideal para la pr\u00e1ctica de Yoga o Pilates. Felpa de protecci\u00f3n en las regiones de mayor impacto. [&hellip;]<\/p>\n","protected":false},"featured_media":1640,"template":"","meta":[],"product_brand":[],"product_cat":[27,22],"product_tag":[],"class_list":{"0":"post-345","1":"product","2":"type-product","3":"status-publish","4":"has-post-thumbnail","6":"product_cat-deportes","7":"product_cat-medias","9":"first","10":"instock","11":"shipping-taxable","12":"purchasable","13":"product-type-variable"},"_links":{"self":[{"href":"https:\/\/www.paradisus.com.uy\/index.php?rest_route=\/wp\/v2\/product\/345","targetHints":{"allow":["GET"]}}],"collection":[{"href":"https:\/\/www.paradisus.com.uy\/index.php?rest_route=\/wp\/v2\/product"}],"about":[{"href":"https:\/\/www.paradisus.com.uy\/index.php?rest_route=\/wp\/v2\/types\/product"}],"wp:featuredmedia":[{"embeddable":true,"href":"https:\/\/www.paradisus.com.uy\/index.php?rest_route=\/wp\/v2\/media\/1640"}],"wp:attachment":[{"href":"https:\/\/www.paradisus.com.uy\/index.php?rest_route=%2Fwp%2Fv2%2Fmedia&parent=345"}],"wp:term":[{"taxonomy":"product_brand","embeddable":true,"href":"https:\/\/www.paradisus.com.uy\/index.php?rest_route=%2Fwp%2Fv2%2Fproduct_brand&post=345"},{"taxonomy":"product_cat","embeddable":true,"href":"https:\/\/www.paradisus.com.uy\/index.php?rest_route=%2Fwp%2Fv2%2Fproduct_cat&post=345"},{"taxonomy":"product_tag","embeddable":true,"href":"https:\/\/www.paradisus.com.uy\/index.php?rest_route=%2Fwp%2Fv2%2Fproduct_tag&post=345"}],"curies":[{"name":"wp","href":"https:\/\/api.w.org\/{rel}","templated":true}]}}