{"id":370,"date":"2024-04-13T13:33:38","date_gmt":"2024-04-13T16:33:38","guid":{"rendered":"http:\/\/www.paradisus.com.uy\/?product=soutien-microfibra-bret-desmontable"},"modified":"2024-05-07T14:33:33","modified_gmt":"2024-05-07T17:33:33","slug":"soutien-microfibra-bret-desmontable","status":"publish","type":"product","link":"https:\/\/www.paradisus.com.uy\/?product=soutien-microfibra-bret-desmontable","title":{"rendered":"41200 &#8211; Corpi\u00f1o bretel regulable"},"content":{"rendered":"<p>Corpi\u00f1o b\u00e1sico sin costuras con bretel regulable.<\/p>\n<p>Producido con hilos especiales que proporcionan excelente comodidad y durabilidad.<\/p>\n<p>Utiliza tecn\u00f3logia Sanitized, que garantiza total proteccion antimicrobiana.<\/p>\n<p>Composici\u00f3n: Poliamida &#8211; 94%, Elastano &#8211; 6%<\/p>\n","protected":false},"excerpt":{"rendered":"<p>Corpi\u00f1o b\u00e1sico sin costuras con bretel regulable. Producido con hilos especiales que proporcionan excelente comodidad y durabilidad. Utiliza tecn\u00f3logia Sanitized, que garantiza total proteccion antimicrobiana. Composici\u00f3n: Poliamida &#8211; 94%, Elastano [&hellip;]<\/p>\n","protected":false},"featured_media":2889,"template":"","meta":[],"product_brand":[],"product_cat":[15,40],"product_tag":[],"class_list":{"0":"post-370","1":"product","2":"type-product","3":"status-publish","4":"has-post-thumbnail","6":"product_cat-lingerie","7":"product_cat-loba","9":"first","10":"instock","11":"shipping-taxable","12":"purchasable","13":"product-type-variable"},"_links":{"self":[{"href":"https:\/\/www.paradisus.com.uy\/index.php?rest_route=\/wp\/v2\/product\/370","targetHints":{"allow":["GET"]}}],"collection":[{"href":"https:\/\/www.paradisus.com.uy\/index.php?rest_route=\/wp\/v2\/product"}],"about":[{"href":"https:\/\/www.paradisus.com.uy\/index.php?rest_route=\/wp\/v2\/types\/product"}],"wp:featuredmedia":[{"embeddable":true,"href":"https:\/\/www.paradisus.com.uy\/index.php?rest_route=\/wp\/v2\/media\/2889"}],"wp:attachment":[{"href":"https:\/\/www.paradisus.com.uy\/index.php?rest_route=%2Fwp%2Fv2%2Fmedia&parent=370"}],"wp:term":[{"taxonomy":"product_brand","embeddable":true,"href":"https:\/\/www.paradisus.com.uy\/index.php?rest_route=%2Fwp%2Fv2%2Fproduct_brand&post=370"},{"taxonomy":"product_cat","embeddable":true,"href":"https:\/\/www.paradisus.com.uy\/index.php?rest_route=%2Fwp%2Fv2%2Fproduct_cat&post=370"},{"taxonomy":"product_tag","embeddable":true,"href":"https:\/\/www.paradisus.com.uy\/index.php?rest_route=%2Fwp%2Fv2%2Fproduct_tag&post=370"}],"curies":[{"name":"wp","href":"https:\/\/api.w.org\/{rel}","templated":true}]}}