{"id":378,"date":"2024-04-13T13:33:41","date_gmt":"2024-04-13T16:33:41","guid":{"rendered":"http:\/\/www.paradisus.com.uy\/?product=musculosa-de-algoda%c2%b3n"},"modified":"2024-08-05T10:45:53","modified_gmt":"2024-08-05T13:45:53","slug":"musculosa-de-algoda%c2%b3n","status":"publish","type":"product","link":"https:\/\/www.paradisus.com.uy\/?product=musculosa-de-algoda%c2%b3n","title":{"rendered":"45137 &#8211; Musculosa de algod\u00f3n"},"content":{"rendered":"<p>Musculosa en algod\u00f3n.<br \/>\nFabricada en algod\u00f3n con elastano, que brinda un toque natural suave y confortable.<\/p>\n<p>Utiliza tecnolog\u00eda Sanitized, que garantiza total protecci\u00f3n antimicrobiana.<\/p>\n<p>Composici\u00f3n: Algod\u00f3n 95% &#8211; Elastano 5%<\/p>\n<p>(La composici\u00f3n puede variar seg\u00fan el color)<\/p>\n","protected":false},"excerpt":{"rendered":"<p>Musculosa en algod\u00f3n. Fabricada en algod\u00f3n con elastano, que brinda un toque natural suave y confortable. Utiliza tecnolog\u00eda Sanitized, que garantiza total protecci\u00f3n antimicrobiana. Composici\u00f3n: Algod\u00f3n 95% &#8211; Elastano 5% [&hellip;]<\/p>\n","protected":false},"featured_media":2989,"template":"","meta":[],"product_brand":[],"product_cat":[46,47],"product_tag":[],"class_list":{"0":"post-378","1":"product","2":"type-product","3":"status-publish","4":"has-post-thumbnail","6":"product_cat-blusas","7":"product_cat-loba-blusas","9":"first","10":"instock","11":"shipping-taxable","12":"purchasable","13":"product-type-variable"},"_links":{"self":[{"href":"https:\/\/www.paradisus.com.uy\/index.php?rest_route=\/wp\/v2\/product\/378","targetHints":{"allow":["GET"]}}],"collection":[{"href":"https:\/\/www.paradisus.com.uy\/index.php?rest_route=\/wp\/v2\/product"}],"about":[{"href":"https:\/\/www.paradisus.com.uy\/index.php?rest_route=\/wp\/v2\/types\/product"}],"wp:featuredmedia":[{"embeddable":true,"href":"https:\/\/www.paradisus.com.uy\/index.php?rest_route=\/wp\/v2\/media\/2989"}],"wp:attachment":[{"href":"https:\/\/www.paradisus.com.uy\/index.php?rest_route=%2Fwp%2Fv2%2Fmedia&parent=378"}],"wp:term":[{"taxonomy":"product_brand","embeddable":true,"href":"https:\/\/www.paradisus.com.uy\/index.php?rest_route=%2Fwp%2Fv2%2Fproduct_brand&post=378"},{"taxonomy":"product_cat","embeddable":true,"href":"https:\/\/www.paradisus.com.uy\/index.php?rest_route=%2Fwp%2Fv2%2Fproduct_cat&post=378"},{"taxonomy":"product_tag","embeddable":true,"href":"https:\/\/www.paradisus.com.uy\/index.php?rest_route=%2Fwp%2Fv2%2Fproduct_tag&post=378"}],"curies":[{"name":"wp","href":"https:\/\/api.w.org\/{rel}","templated":true}]}}